x - 1953. What is d(7)?
0
Let i(b) = 93*b**2 + 949*b - 812. What is i(-11)?
2
Let i(j) = 26987*j + 215923. Give i(-8).
27
Let o(n) = n**3 - 348*n**2 + 26180*n + 85. What is o(110)?
85
Let g(x) = 5*x**2 - 1554*x + 109424. Calculate g(203).
7
Let z(a) = -a**3 + 79*a**2 + 245*a + 67054. Calculate z(90).
4
Let o(p) = 193465*p + 1547704. Calculate o(-8).
-16
Let t(c) = -4*c**3 - 131*c**2 + 1061*c - 11971. Determine t(-41).
1
Let g(w) = -1195*w + 342977. Give g(287).
12
Let k(s) = 12*s**3 + 833*s**2 + 12491*s - 595. Give k(-22).
-1
Let w(y) = -2*y**3 + 79*y**2 + 663*y + 61. What is w(-8)?
837
Let y(u) = -41*u**3 - 6*u**2 + 299*u + 618. Determine y(-2).
324
Let b(d) = 91*d + 4729. Determine b(-52).
-3
Let w(n) = -95*n**2 + 347*n - 147. What is w(4)?
-279
Let p(d) = d**3 + 22*d**2 + 31*d + 765. Give p(-22).
83
Let p(y) = -52042*y + 6140923. Determine p(118).
-33
Let p(h) = 7*h**2 + 32*h - 282. Give p(9).
573
Let w(t) = 58025*t + 348157. Calculate w(-6).
7
Let i(r) = -127*r**2 + 205*r + 924. Determine i(-4).
-1928
Let i(l) = 5*l**2 + 44*l - 613. Give i(0).
-613
Let x(h) = -h**2 - 764827*h - 2294462. Calculate x(-3).
10
Let a(v) = -11993*v - 3130188. Give a(-261).
-15
Let u(r) = -38587*r - 77202. What is u(-2)?
-28
Let r(d) = -4332*d - 1018015. What is r(-235)?
5
Let x(f) = f**3 + 10*f**2 - 37*f - 435. Calculate x(-11).
-149
Let b(g) = 2729*g - 313880. Give b(115).
-45
Let y(w) = 11*w**2 - 1902*w - 167. Determine y(173).
6
Let j(a) = -126214*a - 126240. What is j(-1)?
-26
Let p(w) = -1551*w + 4482. Calculate p(3).
-171
Let m(l) = -295*l - 178790. Determine m(-606).
-20
Let s(l) = -35*l**2 + 12038*l + 12066. What is s(-1)?
-7
Let c(i) = 6722*i - 215106. Calculate c(32).
-2
Let p(t) = -9*t**2 - 3683*t + 30178. What is p(8)?
138
Let f(s) = -s**3 + 667*s**2 - 58559*s + 3936. Determine f(563).
-5
Let w(m) = 25243*m + 100998. Determine w(-4).
26
Let d(t) = -3672*t + 32956. Calculate d(9).
-92
Let l(k) = 6032*k + 7067. What is l(-1)?
1035
Let b(u) = u**3 + 82*u**2 - 46542*u + 46196. Calculate b(-261).
-1
Let f(p) = 6*p**2 - 55*p - 164. What is f(13)?
135
Let a(o) = 30*o - 372. Give a(-9).
-642
Let a(v) = v**3 + 69*v**2 + 524*v + 100. Give a(-9).
244
Let z(m) = -778*m - 2419. Determine z(-3).
-85
Let x(s) = -45083*s + 450829. Give x(10).
-1
Let k(u) = -1597*u**2 + 62288*u + 55. What is k(39)?
250
Let i(o) = -2*o**3 + 17*o**2 + 321*o + 104. Calculate i(-10).
594
Let s(g) = -2905546*g - 37772102. Calculate s(-13).
-4
Let g(h) = -18061*h + 1806095. Calculate g(100).
-5
Let p(u) = u**3 - 27*u**2 + 166*u + 73. Give p(17).
5
Let i(q) = 2214*q - 41749. Give i(19).
317
Let n(d) = 18*d**2 + 52*d - 125. What is n(4)?
371
Let i(r) = 462*r + 56419. Determine i(-122).
55
Let u(i) = -i**2 - 199*i + 13774. Calculate u(63).
-2732
Let s(a) = -15767*a + 5754944. Determine s(365).
-11
Let t(u) = -16631*u - 4024710. Give t(-242).
-8
Let f(d) = 8792*d + 149296. Calculate f(-17).
-168
Let y(x) = 5604*x - 22403. Give y(4).
13
Let h(r) = 7*r**2 + 2524*r - 82026. Determine h(30).
-6
Let z(i) = -2*i**3 - 2212*i**2 - 19749*i - 34. Determine z(-9).
-7
Let j(d) = d**3 + 7*d**2 - 26*d - 215. What is j(-11)?
-413
Let h(o) = -24889*o + 423628. Determine h(17).
515
Let h(t) = 3585*t + 35251. Give h(-10).
-599
Let x(u) = -5*u**2 + 245*u + 2204. Calculate x(-8).
-76
Let j(k) = 76*k**2 + 5570*k + 85747. Determine j(-22).
-9
Let c(p) = 1142*p + 108491. Give c(-95).
1
Let x(y) = 2*y**3 + 44*y**2 - 580*y + 165. Calculate x(9).
-33
Let o(w) = -w**3 - 14*w**2 - 52*w - 240. What is o(-11)?
-31
Let s(a) = -a**2 - 524*a - 54083. What is s(-141)?
-80
Let q(f) = 834830*f - 3. What is q(0)?
-3
Let o(n) = 123221*n - 492890. Determine o(4).
-6
Let s(w) = -w**3 + 196*w**2 + 9996*w + 4. Give s(-42).
4
Let u(j) = -11*j**3 + 1358*j**2 + 763*j - 2356. Give u(124).
0
Let g(x) = x**3 - 13514*x**2 - 121704*x + 33. Give g(-9).
6
Let j(i) = 2*i**3 + 12*i**2 + 366*i + 2126. What is j(-6)?
-70
Let x(m) = -871*m - 22486. What is x(-26)?
160
Let f(n) = -93*n**2 + 28083*n + 468. Calculate f(302).
-438
Let c(j) = j**2 - 182*j + 3581. Give c(151).
-1100
Let t(p) = 4*p**3 - 14*p**2 + 1295*p - 6438. What is t(5)?
187
Let y(q) = -4*q - 47. Determine y(-112).
401
Let v(x) = 42*x - 3826. Determine v(83).
-340
Let v(o) = 334*o + 33628. What is v(-101)?
-106
Let y(k) = 128*k**2 - 125181*k - 2932. What is y(978)?
2
Let r(x) = 5744*x + 114285. What is r(-20)?
-595
Let o(c) = 19*c**2 - 5789*c - 1828. Give o(305).
2
Let o(s) = -3*s**3 + 22*s**2 - 2596*s + 20897. Give o(8).
1
Let z(y) = 108*y - 17873. What is z(163)?
-269
Let m(j) = 792*j - 3731. Determine m(5).
229
Let d(w) = -4*w**3 - 7*w**2 - 129*w - 706. Give d(-6).
680
Let s(d) = d**3 + 188*d**2 + 3370*d + 1383. Calculate s(-168).
-297
Let g(i) = 364*i - 97427. What is g(260)?
-2787
Let w(m) = -4*m**2 - 772*m - 4104. Calculate w(-187).
384
Let y(z) = -13*z**3 - 715*z**2 + 31*z + 1609. Give y(-55).
-96
Let u(f) = -f**3 - 106*f**2 - 115*f - 976. Give u(-105).
74
Let h(v) = 32*v**2 - 171*v - 30. Calculate h(7).
341
Let w(s) = -17*s**3 + 67*s**2 + 16*s + 308. Determine w(5).
-62
Let j(o) = o**2 - 48961*o + 23510858. Calculate j(485).
-2
Let m(l) = 3*l**2 - 238*l - 140. Determine m(0).
-140
Let u(z) = -2*z**3 + 847*z**2 - 779*z + 510071. Give u(424).
-1
Let a(t) = 2018*t - 351126. Determine a(174).
6
Let h(a) = -3*a**2 + 1312*a - 119426. What is h(130)?
434
Let v(h) = -21*h**3 + 95*h**2 + 409*h + 33. Give v(-5).
2988
Let w(d) = -622003*d + 11196056. Calculate w(18).
2
Let z(y) = 186580*y - 1679146. Calculate z(9).
74
Let t(m) = -3*m**3 - 23*m**2 - 10*m + 37. Give t(-3).
-59
Let r(j) = -j**2 + 1229*j - 45. Calculate r(0).
-45
Let c(s) = s**3 - 8*s**2 + 5905*s - 53229. What is c(9)?
-3
Let w(g) = -25*g**2 + 845*g - 159. Give w(34).
-329
Let t(z) = -1002*z - 137506. Determine t(-137).
-232
Let w(o) = o**3 - 5*o**2 + 99*o - 797. What is w(7)?
-6
Let n(u) = 2*u**3 - 58*u + 36. Determine n(-9).
-900
Let i(p) = 35*p**2 - 20*p - 61. Determine i(-8).
2339
Let j(t) = -135*t**3 + 375*t**2 + 387*t + 13. Determine j(-1).
136
Let j(o) = 94866*o - 664037. Calculate j(7).
25
Let c(m) = m**3 - 82*m**2 + 645*m - 1107. Calculate c(73).
-1983
Let h(a) = 39*a**3 + 40*a**2 - 3*a + 8. What is h(-2)?
-138
Let g(l) = 219*l + 3285. What is g(-37)?
-4818
Let w(s) = -2*s**3 - 26*s**2 - 95*s + 274. Give w(-6).
340
Let m(y) = 28*y**3 - 84*y**2 - 379*y + 1132. Calculate m(3).
-5
Let i(c) = -c**3 + 741*c**2 - 9444*c - 262. What is i(13)?
-2
Let c(y) = -15*y**2 - 18440*y - 79618. Give c(-1225).
7
Let c(i) = -312*i**3 + 5*i**2 - 28*i - 31. Calculate c(-1).
314
Let y(z) = -4*z**2 - 101*z - 780. Give y(-24).
-660
Let o(c) = 2*c**3 - 214*c**2 + 4962*c - 10. Give o(73).
-156
Let d(p) = 40*p**2 + 2593*p - 408. Calculate d(-65).
47
Let l(g) = -g**2 + 294*g - 9714. What is l(38)?
14
Let g(o) = -2*o**2 + 74*o + 756. Calculate g(-10).
-184
Let i(f) = 2*f**2 - 528*f + 29833. What is i(182)?
-15
Let r(l) = 2*l**2 - 8386*l + 58606. Give r(7).
2
Let l(t) = -587*t - 6731. Calculate l(-12).
313
Let g(j) = j**3 + 14*j**2 + 184*j + 2379. What is g(-15)?
-606
Let s(i) = i**3 - 225*i**2 - 20713*i + 18613. Give s(295).
28
Let f(v) = 527*v - 44249. Calculate f(84).
19
Let q(h) = 14*h**3 - 1902*h**2 - 260*h - 1611. Give q(136).
21
Let c(w) = -w**3 + 58*w**2 + 119*w + 48. What is c(60)?
-12
Let d(i) = 3*i**3 + 150*i**2 - 313*i - 46. Determine d(-52).
6
Let u(n) = n**3 + 52*n**2 - 3077*n - 756. Determine u(-87).
2028
Let v(j) = 19*j**2 + 2370*j + 1725. Give v(-124).
-11
Let d(k) = -908388*k + 25434872. Calculate d(28).
8
Let o(y) = -424*y + 826. Determine o(4).
-870
Let p(q) = -q**3 + 81*q**2 - 866*q - 1229. Determine p(68).
-5
Let w(g) = -12*g**2 - 148*g + 9. What is w(-2)?
257
Let y(i) = -7*i**2 + 1556*i + 2549. Give y(222).
2993
Let s(t) = -560*t - 169364. Calculate s(-303).
316
Let u(q) = -3*q**2 - 1093*q - 69641. Determine u(-282).
13
Let k(y) = y**3 + 427*y**2 + 98*y + 41794. Calculate k(-427).
-52
Let m(h) = -5*h**3 - 2126*h**2 + 1712*h + 3419. Give m(-426).
11
Let y(g) = -4*g**2 - 1733*g - 18671. What is y(-11)?
-92
Let b(d) = -d**3 + 22*d**2 + 63*d - 7. Give b(24).
353
Let b(u) = -u**2 - 2140*u - 227128. Calculate b(-112).
8
Let g(t) = 3*t**2 - 433084*t + 3464482. Calculate g(8).
2
Let x(s) = -s**2 - 293*s - 4446. What is x(-16)?
